{"id":7,"date":"2017-03-23T15:22:35","date_gmt":"2017-03-23T15:22:35","guid":{"rendered":"http:\/\/laufseggenelauf.de\/?page_id=7"},"modified":"2024-10-23T16:48:00","modified_gmt":"2024-10-23T16:48:00","slug":"lauftreff-des-sv-9807-seckenheim","status":"publish","type":"page","link":"https:\/\/laufseggenelauf.de\/","title":{"rendered":"Lauftreff Mannheim &#8211; Seckenheim"},"content":{"rendered":"\n<p>Lauftreff  des SV 98\/07 Seckenheim<\/p>\n\n\n<p>Im Januar 2012 startete der Lauftreff des SV 98\/07 Seckenheim (Mannheim) mit seinem Training zun\u00e4chst f\u00fcr den D\u00e4mmer(halb)marathon in Mannheim.<\/p>\n<p>Das Laufen in der Gruppe machte Spa\u00df und motivierte zum regelm\u00e4\u00dfigen Laufen.<\/p>\n<p>Inzwischen sind \u00fcber zehn Jahre vergangen, wir laufen noch immer und haben (nicht nur) alle Wege in und um Seggene ausprobiert.<\/p>\n<p>Wer Lust hat mitzulaufen, kann einfach vorbeikommen.<br \/><strong>Treff<\/strong> ist am <strong>Vereinshaus Z\u00e4hringer Stra\u00dfe 80 in Mannheim-Seckenheim<br \/><\/strong>bzw. Juli bis Ende August:<strong><br \/>Holzweg, am Waldrand (hinter Dachser)<\/strong><\/p>\n<p><strong>Donnerstags 19:00 Uhr:<br \/><\/strong><strong>eine Gruppe ca. 10 km, eine Gruppe ca. 5-7 km<\/strong><\/p>\n<p>Kontakt:\u00a0 laufseggenelauf [at] gmail [dot] com<\/p>\n<p>&nbsp;<\/p>\n\n\n<figure class=\"wp-block-image size-large is-resized\"><img loading=\"lazy\" decoding=\"async\" width=\"1920\" height=\"1596\" src=\"https:\/\/laufseggenelauf.de\/wp-content\/uploads\/2024\/10\/20241019_Herbstlauf-1920x1596.jpg\" alt=\"\" class=\"wp-image-2657\" style=\"width:707px;height:auto\" srcset=\"https:\/\/laufseggenelauf.de\/wp-content\/uploads\/2024\/10\/20241019_Herbstlauf-1920x1596.jpg 1920w, https:\/\/laufseggenelauf.de\/wp-content\/uploads\/2024\/10\/20241019_Herbstlauf-600x499.jpg 600w, https:\/\/laufseggenelauf.de\/wp-content\/uploads\/2024\/10\/20241019_Herbstlauf-768x638.jpg 768w, https:\/\/laufseggenelauf.de\/wp-content\/uploads\/2024\/10\/20241019_Herbstlauf-1536x1277.jpg 1536w, https:\/\/laufseggenelauf.de\/wp-content\/uploads\/2024\/10\/20241019_Herbstlauf-2048x1703.jpg 2048w\" sizes=\"auto, (max-width: 1920px) 100vw, 1920px\" \/><figcaption class=\"wp-element-caption\">Beim Herbstlauf in Feudenheim Oktober 2024<\/figcaption><\/figure>\n\n\n\n<figure class=\"wp-block-image is-resized\"><img loading=\"lazy\" decoding=\"async\" width=\"1920\" height=\"1038\" src=\"https:\/\/laufseggenelauf.de\/wp-content\/uploads\/2019\/09\/20190919_181624-e1569865911439-1920x1038.jpg\" alt=\"\" class=\"wp-image-1669\" style=\"width:711px;height:auto\" srcset=\"https:\/\/laufseggenelauf.de\/wp-content\/uploads\/2019\/09\/20190919_181624-e1569865911439-1920x1038.jpg 1920w, https:\/\/laufseggenelauf.de\/wp-content\/uploads\/2019\/09\/20190919_181624-e1569865911439-600x324.jpg 600w, https:\/\/laufseggenelauf.de\/wp-content\/uploads\/2019\/09\/20190919_181624-e1569865911439-768x415.jpg 768w\" sizes=\"auto, (max-width: 1920px) 100vw, 1920px\" \/><\/figure>\n\n\n\n<figure class=\"wp-block-image size-large is-resized\"><img loading=\"lazy\" decoding=\"async\" width=\"1920\" height=\"1440\" src=\"https:\/\/laufseggenelauf.de\/wp-content\/uploads\/2020\/01\/20190207_182923-1920x1440.jpg\" alt=\"\" class=\"wp-image-1799\" style=\"width:710px;height:auto\" srcset=\"https:\/\/laufseggenelauf.de\/wp-content\/uploads\/2020\/01\/20190207_182923-1920x1440.jpg 1920w, https:\/\/laufseggenelauf.de\/wp-content\/uploads\/2020\/01\/20190207_182923-600x450.jpg 600w, https:\/\/laufseggenelauf.de\/wp-content\/uploads\/2020\/01\/20190207_182923-768x576.jpg 768w, https:\/\/laufseggenelauf.de\/wp-content\/uploads\/2020\/01\/20190207_182923-1536x1152.jpg 1536w, https:\/\/laufseggenelauf.de\/wp-content\/uploads\/2020\/01\/20190207_182923-2048x1536.jpg 2048w\" sizes=\"auto, (max-width: 1920px) 100vw, 1920px\" \/><\/figure>\n\n\n\n<figure class=\"wp-block-image size-large is-resized\"><img loading=\"lazy\" decoding=\"async\" width=\"1920\" height=\"1440\" src=\"https:\/\/laufseggenelauf.de\/wp-content\/uploads\/2020\/01\/2019-07-25-19.37.17-1920x1440.jpg\" alt=\"\" class=\"wp-image-1803\" style=\"width:711px;height:auto\" srcset=\"https:\/\/laufseggenelauf.de\/wp-content\/uploads\/2020\/01\/2019-07-25-19.37.17-1920x1440.jpg 1920w, https:\/\/laufseggenelauf.de\/wp-content\/uploads\/2020\/01\/2019-07-25-19.37.17-600x450.jpg 600w, https:\/\/laufseggenelauf.de\/wp-content\/uploads\/2020\/01\/2019-07-25-19.37.17-768x576.jpg 768w, https:\/\/laufseggenelauf.de\/wp-content\/uploads\/2020\/01\/2019-07-25-19.37.17-1536x1152.jpg 1536w, https:\/\/laufseggenelauf.de\/wp-content\/uploads\/2020\/01\/2019-07-25-19.37.17-2048x1536.jpg 2048w\" sizes=\"auto, (max-width: 1920px) 100vw, 1920px\" \/><\/figure>\n\n\n\n<figure class=\"wp-block-image size-large is-resized\"><img loading=\"lazy\" decoding=\"async\" width=\"1920\" height=\"1440\" src=\"https:\/\/laufseggenelauf.de\/wp-content\/uploads\/2021\/06\/20210603_200608-1920x1440.jpg\" alt=\"\" class=\"wp-image-2231\" style=\"width:713px;height:auto\" srcset=\"https:\/\/laufseggenelauf.de\/wp-content\/uploads\/2021\/06\/20210603_200608-1920x1440.jpg 1920w, https:\/\/laufseggenelauf.de\/wp-content\/uploads\/2021\/06\/20210603_200608-600x450.jpg 600w, https:\/\/laufseggenelauf.de\/wp-content\/uploads\/2021\/06\/20210603_200608-768x576.jpg 768w, https:\/\/laufseggenelauf.de\/wp-content\/uploads\/2021\/06\/20210603_200608-1536x1152.jpg 1536w, https:\/\/laufseggenelauf.de\/wp-content\/uploads\/2021\/06\/20210603_200608-2048x1536.jpg 2048w\" sizes=\"auto, (max-width: 1920px) 100vw, 1920px\" \/><\/figure>\n\n\n\n<p><\/p>\n","protected":false},"excerpt":{"rendered":"<p>Lauftreff des SV 98\/07 Seckenheim Im Januar 2012 startete der Lauftreff des SV 98\/07 Seckenheim (Mannheim) mit seinem Training zun\u00e4chst f\u00fcr den D\u00e4mmer(halb)marathon in Mannheim. Das Laufen in der Gruppe machte Spa\u00df und motivierte zum regelm\u00e4\u00dfigen Laufen. Inzwischen sind \u00fcber zehn Jahre vergangen, wir laufen noch immer und haben (nicht nur) alle Wege in und &hellip; <a href=\"https:\/\/laufseggenelauf.de\/\" class=\"more-link\"><span class=\"screen-reader-text\">Lauftreff Mannheim &#8211; Seckenheim<\/span> weiterlesen <span class=\"meta-nav\">&rarr;<\/span><\/a><\/p>\n","protected":false},"author":1,"featured_media":0,"parent":0,"menu_order":1,"comment_status":"closed","ping_status":"closed","template":"page-templates\/full-width.php","meta":{"footnotes":""},"class_list":["post-7","page","type-page","status-publish","hentry"],"_links":{"self":[{"href":"https:\/\/laufseggenelauf.de\/index.php?rest_route=\/wp\/v2\/pages\/7","targetHints":{"allow":["GET"]}}],"collection":[{"href":"https:\/\/laufseggenelauf.de\/index.php?rest_route=\/wp\/v2\/pages"}],"about":[{"href":"https:\/\/laufseggenelauf.de\/index.php?rest_route=\/wp\/v2\/types\/page"}],"author":[{"embeddable":true,"href":"https:\/\/laufseggenelauf.de\/index.php?rest_route=\/wp\/v2\/users\/1"}],"replies":[{"embeddable":true,"href":"https:\/\/laufseggenelauf.de\/index.php?rest_route=%2Fwp%2Fv2%2Fcomments&post=7"}],"version-history":[{"count":57,"href":"https:\/\/laufseggenelauf.de\/index.php?rest_route=\/wp\/v2\/pages\/7\/revisions"}],"predecessor-version":[{"id":2662,"href":"https:\/\/laufseggenelauf.de\/index.php?rest_route=\/wp\/v2\/pages\/7\/revisions\/2662"}],"wp:attachment":[{"href":"https:\/\/laufseggenelauf.de\/index.php?rest_route=%2Fwp%2Fv2%2Fmedia&parent=7"}],"curies":[{"name":"wp","href":"https:\/\/api.w.org\/{rel}","templated":true}]}}